e r(3). Suppose s*v + v + 148 = 2*g, g + v = 67. Is g composite?
True
Suppose 2*g - 372 = -g. Suppose 3*x = -k + g, -3*x + 0*x - 548 = -5*k. Let t = k + -66. Is t prime?
False
Let x = 1727 + -716. Is x a composite number?
True
Let a(i) = 9*i**2. Let t be a(1). Let l = 3 + t. Let p = 46 - l. Is p a composite number?
True
Let i(d) = -d**3 + 13*d**2 - 15*d + 41. Let a be i(12). Suppose -3*y + v + 2*v = -1770, -a*v = 3*y - 1778. Is y composite?
True
Let p = 3 - 1. Suppose 0 = -4*c + c - 5*h + 32, 0 = 3*c + p*h - 20. Suppose q = c*q - 159. Is q a composite number?
False
Let w = -602 - -949. Suppose 0 = -3*a - 0*i + 5*i - 20, -a = 5*i - 20. Suppose 8*d - 9*d + w = a. Is d a composite number?
False
Suppose 3*a - 33 + 27 = 0. Suppose b + 21 = a*y, 4*b - 19 = 5*y - 73. Is y a composite number?
True
Let f(u) = u**2 + 8*u + 4. Let v be f(-8). Suppose -v*c - 36 = -848. Is c composite?
True
Suppose 2*j + 3*b - 15 = 0, -2*j - 4 + 23 = -b. Suppose 3*y - j = 3. Suppose 3*c = y*o + 111, 3*c - 52 - 44 = -o. Is c a composite number?
True
Suppose 4*g - 5*g + 3 = 0. Let j = g + 2. Suppose -4*k = -2*n + 34, j*n - 100 = -5*k - 0. Is n a prime number?
True
Let t = 40115 + 30650. Is t composite?
True
Is 32/40 - 67261/(-5) prime?
False
Suppose -3*g + 42418 = 5*r, 9*g + 4*r = 4*g + 70675. Is g composite?
True
Let g(s) = s + 11. Let w(n) = n + 11. Let f(z) = -3*g(z) + 4*w(z). Let k be f(-8). Suppose 2*v = k*v + b - 76, 122 = 2*v - 4*b. Is v a composite number?
False
Suppose 61*z = -40*z + 167357. Is z prime?
True
Let n(g) = g + 15. Let o be n(-11). Suppose -1493 = -o*k + 855. Is k a prime number?
True
Suppose 0 = -9*q + 3496 + 9095. Is q composite?
False
Let d = -1669 - -3196. Is d prime?
False
Let p = 15 - -1. Suppose 4*a - p = 0, 576 = -0*k + 2*k - 4*a. Is k/6*9/6 composite?
True
Suppose 263152 - 65869 = 3*x. Is x prime?
True
Suppose 5*g + 2*b = 635207, 2*g + b - 225 = 253857. Is g prime?
False
Let a = 15202 - 10341. Is a a prime number?
True
Let y = 0 + 35. Suppose -2*l = 3*i - 8*i + y, 5*l + 40 = 3*i. Suppose -2*w = -i*d - 213, -5*d + 258 = 2*w - d. Is w composite?
True
Let c be -1*20*(-138)/12. Let l = c - -62. Suppose -v = 2*z - 179, -2*z + l = 4*v - 448. Is v prime?
False
Suppose 6*p + 5128 = 2*p. Let a = -381 - p. Is a a composite number?
True
Suppose 5*z + 2*a = 11019, -5*z + 849 + 10160 = -3*a. Is z a prime number?
True
Let p(l) = 2*l + 18. Let h be p(-8). Let m be (20 + 0)/(h/(-8)). Is (142/(-8))/(10/m) prime?
False
Let j = 8 + -6. Let v = -281 + 597. Suppose -v + 864 = j*p. Is p composite?
True
Let n = 4378 - -135. Is n a prime number?
True
Suppose 0 = 3*r, r + 45 = -3*m - 45. Suppose -10*h + 7*h = 12. Is (290/15)/(h/m) a composite number?
True
Let h = 18 - 13. Suppose c - 5*c + h*z = 3, 2*c - z = 3. Suppose -c*f - 4*b + 503 = 0, 0 = -f - 2*f + 3*b + 468. Is f prime?
False
Let a(r) = -r - 13. Let d be a(-15). Suppose d*c + 5*u = c + 2308, 4*c = -4*u + 9312. Is c a composite number?
False
Let t = -2279 - -4135. Suppose 0 = -8*k + 12*k + t. Is 2/6 - k/3 a prime number?
False
Let d(k) = -1 - 10*k**2 - 3*k + k - 4 + 12*k**2. Is d(-6) composite?
False
Let j be (-60)/14 + 2/7. Let s = -29 + -145. Is s/j*40/30 composite?
True
Suppose 0 = r + 4*r - 30. Suppose -r*f + 1969 = -1517. Is f composite?
True
Suppose -6*k + 3*k + 15 = 0. Suppose 2*n = -3*d + 2824, 0 = k*n + d + d - 7049. Is n composite?
False
Let w(j) = 3*j**2 + 4*j - 1. Let n be 1 + -5 + (11 - 11). Is w(n) composite?
False
Let n(g) = -g**2 - 4*g + 6. Let m(q) = -2*q**2 - 9*q + 12. Let u(b) = -4*m(b) + 9*n(b). Let a be u(6). Let y = a + 49. Is y a composite number?
False
Is 660510/287 - (-2)/7*2 prime?
False
Suppose 10*i - 6*i - 408 = 0. Suppose -3*s - 3 = -i. Is s composite?
True
Let d = -13493 - -23851. Is d prime?
False
Let n = -2770 - -22943. Is n a composite number?
False
Let v(b) be the third derivative of -b**6/40 - 13*b**5/60 - b**4/24 - b**3/6 - 2*b**2 - 12. Is v(-10) a prime number?
True
Let h be (-2)/(-3) - (-4)/3. Suppose -575 = -5*q - 5*b, -b + 237 = h*q + 12. Let y = q + -51. Is y a composite number?
False
Let v(n) = 107*n**2 + 2*n - 1. Let m be v(1). Let f = m - 31. Is f composite?
True
Suppose 2755*w - 2746*w - 12933 = 0. Is w composite?
True
Let h(y) = 0 - 7*y + 6*y + 0 - 2. Let s be h(-4). Suppose 310 = s*g - d, 3*g - 3*d - 465 = -8*d. Is g composite?
True
Let y(f) = f**2 - 8*f - 30. Let k be y(19). Suppose 5*m + 4*u = k, 4*m + u + 2*u - 144 = 0. Is m composite?
True
Let c(q) = -16*q**3 + 11*q**2 + 24*q - 49. Is c(-6) prime?
True
Let s be (-3)/(-24) - (-170)/(-80). Is -47*39/6*-2 - s a prime number?
True
Let v(u) = -u**3 + 13*u**2 - 20*u + 9. Let r be v(14). Let i = 786 + r. Is i a prime number?
False
Let x be (20/(-15))/((-2)/(-3)). Is 4622/18 - x/9 a composite number?
False
Is (3/(-2))/((-5)/(2935260/54)) composite?
True
Suppose 0*g = 4*g + f - 159, 0 = -2*g - 5*f + 57. Is g + 7/(14/(-8)) a prime number?
True
Let n(q) = q**2 + 7*q + 9. Let j be n(-6). Suppose 453 = j*v - 408. Is v a prime number?
False
Suppose -4*z + 29*z = 64525. Is z a composite number?
True
Let s(z) = z**2 - 8*z + 7. Let x be s(7). Suppose -6*r - 4*r + 8890 = x. Is r a prime number?
False
Let h(q) = 53049*q**2 - 9*q + 7. Is h(1) a prime number?
True
Suppose 0 = -5*m, -2*a = 2*m - m - 6866. Is a composite?
False
Let m = 145 - 141. Suppose l = 2*i - 2037 - 1830, m*i = -5*l + 7699. Is i a prime number?
True
Suppose 3*r - 4 = 2*h - 1, -r - 7 = 2*h. Is ((-898)/(-4))/(r/(-2)) a prime number?
True
Let g be 4/6*(-6)/4*-5. Is 5 - g - 4571/(-1) a composite number?
True
Suppose -w = 3*y - 2041, y + 2047 = w - 2*y. Let v = -1041 + w. Is v composite?
True
Suppose -2*q = -3*w - 10, 0 = -4*q - 4*w + 33 + 7. Suppose 0 = 4*p - q, -96 = -a + p - 19. Suppose -3*o + a + 565 = -2*t, t = 5. Is o composite?
True
Let c(z) = -125*z + 38. Is c(-9) a prime number?
True
Let g(t) = -86*t - 5. Let a(f) = 5*f - 1. Suppose -4*c + 3*s - 13 = 0, -c - 6*s = -3*s - 8. Let l be a(c). Is g(l) a prime number?
False
Let g = 18 - 15. Suppose 0 = -4*z - g*i + 4477, 5*z = i - 0*i + 5582. Is z composite?
False
Let n = 10553 - 6352. Is n a prime number?
True
Suppose -14 = -2*z + 6. Let h be z/(-55) - (-216)/(-22). Is (-2)/h - (-2296)/20 a composite number?
True
Suppose -4*r = -4*m - 5*r - 19029, 5*m - 3*r + 23782 = 0. Let c = 504 - m. Is c composite?
False
Suppose 82222 = 13*l - 14329. Is l a prime number?
False
Suppose 5*l + 3*d - 47 = 0, 0 = l + l + 5*d - 34. Suppose 3*o + 3452 = l*o. Is o a prime number?
True
Let h(v) = -4*v - 13. Let p be h(-4). Suppose -12 - 8 = -5*s, -p*s = 4*m + 956. Let r = m - -691. Is r a composite number?
False
Suppose -2*v = -3*m + 21, 6*m + 4*v - 3 = 3*m. Suppose 4*p = m*p - 929. Is p prime?
True
Let s(w) = -w**3 + 3*w**2 + 19*w - 4. Let r be s(6). Suppose -5236 = -r*x + 5*v - 1908, 5*x = -v + 8266. Is x a composite number?
True
Is ((-70)/105)/((-4)/67638) prime?
True
Let g = 0 - -5. Suppose -2*s + s + 4512 = -2*t, -3*s + 13534 = -4*t. Suppose g*p - s + 1165 = 0. Is p a prime number?
False
Suppose -5*f = -5*c + 777 - 17, -5*f - 164 = -c. Suppose 4*a - c = 23. Is a composite?
False
Suppose 0 = 2*k + 22 - 78. Let f be 16/k + (-7023)/(-21). Suppose 0 = -2*l + 6*l - h - f, 3*l - 235 = 4*h. Is l prime?
False
Let n = 53 - 48. Suppose -2*g + 1277 = 3*y + 2*g, -1703 = -4*y - n*g. Is y a prime number?
False
Suppose 103*c + 5048 = 111*c. Is c a composite number?
False
Suppose 5 = -h, -s + h + 4*h = -28. Let n(c) = 413*c + 5. Let o be n(s). Let u = -799 + o. Is u prime?
False
Let b(l) = l - 9. Let o be b(0). Let f = -7 - o. Is 1718/12 - f/12 a composite number?
True
Suppose 170*s = 178*s - 34168. Is s a prime number?
True
Let k(l) = -l**2 + 3*l + 5. Let n be k(4). Is 10 + 679 + n + 1/1 composite?
False
Suppose -35280 + 12452 = -4*a. Is a a composite number?
True
Let m = 17 + -23. Is ((-388)/m)/(8/204) prime?
False
Let r(v) = -v**3 + 9*v**2 + v - 9. Let t be r(9). Suppose z + t*z - 649 = 0. Is z prime?
False
Let h = 12 - 7. Suppose i + h*i = 804. Is i a composite number?
True
Let k = 413 - 3832. Let f = -2280 - k. Is f prime?
False
Suppose 2*s = i - 14, 3*i - s = -i + 42. Suppose i*q = 5*q + 30. Suppose 2*p - 5*d = q*p - 5621, 0 = -4*p + 2*d + 5586. Is p prime?
True
Is 1/(1/(26747/7)) composite?
False
Let x be (3/2)/(-3 - (-228)/80). Is (-2